 by 59?
53
Let v be 17/((-72)/10 + 7). Let i = v + 123. Calculate the remainder when 188 is divided by i.
36
Suppose 3*w - 2*j - 164 = 0, -3*w - j - 29 = -199. Suppose 0 = t + t - 212. Calculate the remainder when t is divided by w.
50
Suppose -3*o = 203 - 209. Suppose 83 + 5 = o*b. What is the remainder when b is divided by 34?
10
Let s(r) = -50*r - 1083. What is the remainder when 417 is divided by s(-22)?
9
What is the remainder when 1/((-9)/117) - -220 is divided by 71?
65
Let o = 5794 - 5755. What is the remainder when o is divided by 2?
1
Suppose -7*y - 3*u = -3*y - 287, 3*u = 3*y - 231. Let r = y - 66. Calculate the remainder when r is divided by (-20)/(-12)*6/5.
0
Let l be ((-200)/6)/(1/(-3)). Suppose 0 = -4*u + l + 48. Let o = -3848 + 3867. What is the remainder when u is divided by o?
18
Suppose 5*u = 33 + 632. Let m = -15327 + 15361. Calculate the remainder when u is divided by m.
31
Suppose -7*u = -w - 2*u + 39, 3*w + 2*u = 134. Let x(y) = y**2 - 5*y + 9. Let o = 93 + -88. What is the remainder when w is divided by x(o)?
8
Calculate the remainder when 0 - (3 + (-5 - 48))*(-11479)/(-26) is divided by 83.
80
Let x be (-6 - -47) + -6 + 7. Suppose 0 = -16*n + x*n - 1014. Calculate the remainder when n is divided by 21.
18
Suppose -26126 = -55*v - 261*v + 734. What is the remainder when v is divided by 27?
4
Let s(j) = -6 + 28 - 101*j + 103*j + 23. Calculate the remainder when 44 is divided by s(-8).
15
Let r be 2 - ((-2536)/(-16))/(2/(-4)). Let h = 335 - r. What is the remainder when 18 is divided by h?
2
Let x = 34 + -15. Let c = -96 + 98. Calculate the remainder when x is divided by 8 - ((-2)/(-2) + c).
4
Let w(f) = -3*f + 35. Suppose 36 = 2*q - 0*a + 3*a, 32 = 2*q + a. Let s = -2 + q. Calculate the remainder when s is divided by w(9).
5
Let o = 172 - 170. Suppose -379 + 349 = -o*j. Calculate the remainder when 25 is divided by j.
10
Let n = 277 + 92. Suppose v - 2*h - 2*h - n = 0, 3*v - 1125 = 3*h. What is the remainder when v is divided by 21?
20
Let s = -95 - 182. Let t = -221 - s. Let h = -14 + 33. What is the remainder when t is divided by h?
18
Let y(n) = n**2 + 32*n + 158. What is the remainder when y(-40) is divided by 47?
8
Let y(p) = p + 5. Let r = 39 - -16. Let k = r + -52. What is the remainder when y(k) is divided by 3?
2
Suppose -5*y + 11*y = 18. Suppose y*l = 2*l, 4*x = -4*l + 120. What is the remainder when x is divided by 18?
12
Suppose -2*z + 91*b + 276 = 86*b, 2*z = -b + 288. Calculate the remainder when 1572 is divided by z.
142
Let v = 1119 - 1090. Let q be (-4326)/77 + 2/11. Let g = 137 + q. What is the remainder when g is divided by v?
23
Calculate the remainder when 6/(-10) - 7/(-10)*178 is divided by 14.
12
Let s(k) = -66*k + 2387. Calculate the remainder when 425 is divided by s(36).
7
Let y = 2354 + -1791. What is the remainder when y is divided by 158?
89
Let v be (0 + -1)/((-55)/(-27) + -2). Let n = -25 - v. Suppose -p = 3*g - 21, 0 = -3*p + g + g + 8. What is the remainder when p is divided by n?
0
Suppose -3*i + 15 = n - 2, 41 = 4*i + 5*n. Suppose -f = -k + 137, k - 4*f - 142 = -2*f. Calculate the remainder when k is divided by 6/i + 609/14.
42
Suppose -21*u + 13*u + 40 = 0. Suppose -u*s + 96 = -114. Calculate the remainder when 82 is divided by s.
40
Let m(o) be the first derivative of -3*o**4/4 - 20*o**3/3 - o**2/2 + 12*o - 1306. Let t = 3 - 10. Calculate the remainder when m(t) is divided by 23.
22
Let f = -2847 + 2863. Let c = 54 + -9. What is the remainder when c is divided by f?
13
Let y(x) = x**3 + 9*x**2 + 6*x - 4. Let m(a) = 2*a - 6. Let f be m(4). Suppose -6*h = -f*h - 72. Calculate the remainder when y(-6) is divided by h.
14
Let s be (442/51)/(-2*3/(-18)). Suppose 188*a + s = 190*a. What is the remainder when 116 is divided by a?
12
Let l = 112 + -80. Suppose 16*n - l*n = -1280. Calculate the remainder when n is divided by 27.
26
Let j = 2786 - 2737. Calculate the remainder when j is divided by 57*1/3 - -3.
5
Let h be ((-4)/(8/(-2)))/((-3)/(-153)). Let u = -43 + h. Suppose -6*n + 5*n = -u. What is the remainder when 37 is divided by n?
5
Suppose 3*a = -24*a + 75778 - 18916. What is the remainder when a is divided by 235?
226
Let o = 9326 - 9265. What is the remainder when 1 - (-1 - -1) - -117 is divided by o?
57
Let r(n) = 5*n**2 - 9*n - 574. Calculate the remainder when 4705 is divided by r(12).
31
Let l = 133 + -131. Suppose -2*k - 2*u = -16, -k + l*k = -5*u. What is the remainder when 31 is divided by k?
1
Let c(z) = -z**2 - 23*z - 87. Let w be c(-18). Suppose w*j - 111 = -2*t, 5*j = -7*t + 9*t + 201. What is the remainder when 230 is divided by j?
35
Suppose -4*b = -5*y - 75, -2*b + 4*y = -5*b + 64. Suppose -124*d = -128*d + b. What is the remainder when 17 is divided by d?
2
Suppose 0 = 4*d + 2*k - 276, -617*d = -613*d + 5*k - 282. Calculate the remainder when 598 is divided by d.
54
Let o = 53 - 7. Let y(k) = 2*k**2 - 8*k + 12. Let p(m) = 2*m**2 - 7*m + 10. Let i(z) = 6*p(z) - 5*y(z). What is the remainder when o is divided by i(-2)?
10
Let o = 82 - 237. Let m = 188 + o. What is the remainder when m is divided by 18?
15
Let w = 24 - 14. Let s be (3/(-2))/((-5)/w) + 0. Suppose 4*c - c + 124 = 4*a, 0 = 2*a - s*c - 56. Calculate the remainder when 64 is divided by a.
30
Calculate the remainder when 235/(-3)*10701/(-615) is divided by 13.
11
Let t(l) = -4 + 4745*l**3 - 4748*l**3 - l**2 + 4*l + 7. Let a = 3 + -5. Calculate the remainder when 26 is divided by t(a).
11
Calculate the remainder when (-14)/((-28)/2214) + 6 is divided by 186.
183
Let j be (24/10)/(12/20). Suppose x + j*f - 45 = 0, -6*f + 47 = x - 3*f. Calculate the remainder when x is divided by 22.
9
Let d be 2/((32/692)/(-4)). Let g = d - -195. What is the remainder when g is divided by 14?
8
Let n(r) = -4*r**2 + 4*r + 2. Let s be n(2). Calculate the remainder when 141 is divided by (s + 11)/(10/60).
21
Let r be ((-14)/4)/7*-18. Suppose r*h = 5*h + 16. What is the remainder when 12 is divided by (-4)/2 - (-13 + h)?
5
Let q = 1758 - 1732. What is the remainder when 259 is divided by q?
25
Let k be (184 - 238) + (-2 - 1). Let t = -108 + 55. Let j = t - k. Calculate the remainder when 13 is divided by j.
1
Suppose -16*v + 9644 + 2292 = 0. Calculate the remainder when 2245 is divided by v.
7
Suppose 146*b = 74*b + 68*b + 36. Calculate the remainder when 1105 is divided by b.
7
Let i = 0 - 1. Let a(p) = -156*p + 1. Let f(k) = 4*k**2 + 10513*k + 31513. What is the remainder when a(i) is divided by f(-3)?
7
Suppose -4*m + 166 = -34. Calculate the remainder when 5*(1 + -2) + m/2 is divided by 6.
2
Suppose -809 - 51 = -43*n. Let v be 0 + 3 + -1 - 0. Calculate the remainder when n is divided by (3 - -8)*(-1 + v).
9
Suppose 3*u - 5*t - 51 = 0, -5*u - 54*t = -50*t - 85. What is the remainder when 781 is divided by u?
16
Let k be -2*3*180/(-135). What is the remainder when -5 + k - 8/(-2) is divided by 2?
1
Let r(t) = 1870*t + 7520. Let g(o) = -3*o + 10. Let a be g(-7). Suppose -3*z + 32 = -a. What is the remainder when r(-4) is divided by z?
19
Let h = 51271 - 51201. Calculate the remainder when 2/6 - 1612/(-6) is divided by h.
59
Suppose 2*z - 107 = -l - 19, l = -z + 85. Suppose l*p = 76*p + 834. Calculate the remainder when p is divided by 28.
27
Let v be ((-40)/6)/((-30)/7740). Suppose 10*r + v = 20*r. Calculate the remainder when r is divided by 16.
12
Suppose -7*w = 301 - 364. Suppose 2178 = 9*c + w*c. Calculate the remainder when c is divided by (-6)/15 + 254/10.
21
Suppose n = -12 + 44. Suppose -3*d - n = -65. What is the remainder when 104 is divided by d?
5
Let c(d) = d**3 + 9*d**2 - 14*d + 2. Let h be c(-10). Suppose -8*n - 97 + 1 = 0. Calculate the remainder when 35 is divided by h/2 - (n + 14).
16
Let c be 2/(-5) + (-108)/(-45). Suppose 108 = 5*p - c*p. Calculate the remainder when (-4)/((-64)/20) + 2815/20 is divided by p.
34
Suppose -3468 = -18*p - 33*p. Suppose -p*o = -75*o + 476. What is the remainder when 813 is divided by o?
65
Suppose 88 = -3*f + 7*f. Suppose -2*z = -0*z - f. Calculate the remainder when 984/33 + 17/((-561)/(-6)) is divided by z.
8
Let d = -140 + 231. Let p = 39 - 23. Calculate the remainder when d is divided by p.
11
Let n be 5 - (-78)/(-24)*4. Suppose -162 = -2*w + 5*i, w + 4*w = i + 428. What is 